 13692?
84
What is the highest common factor of 8723 and 2623?
61
Calculate the highest common divisor of 162 and 3114.
18
Calculate the greatest common factor of 3328 and 246016.
256
What is the greatest common divisor of 196 and 12593?
49
What is the highest common factor of 22869 and 84?
21
What is the greatest common divisor of 7738 and 11342?
106
What is the greatest common divisor of 18 and 1845729?
9
What is the highest common divisor of 29 and 1640443?
29
What is the highest common divisor of 1071 and 3087?
63
What is the highest common divisor of 970 and 440?
10
What is the greatest common factor of 690 and 13680?
30
What is the greatest common factor of 5618899 and 143?
143
Calculate the greatest common divisor of 258 and 205798.
86
Calculate the highest common divisor of 47158 and 114.
38
Calculate the greatest common factor of 50382 and 10773.
81
What is the highest common factor of 212436 and 168?
84
Calculate the greatest common divisor of 3837 and 93.
3
What is the greatest common divisor of 153850 and 1394?
34
What is the highest common divisor of 346188 and 1088?
68
What is the highest common factor of 7533 and 2077?
31
What is the greatest common factor of 9220 and 190?
10
Calculate the highest common divisor of 175 and 2265.
5
Calculate the greatest common divisor of 11315 and 93.
31
What is the greatest common factor of 90 and 1006?
2
Calculate the highest common divisor of 583575 and 625.
25
Calculate the greatest common divisor of 108718 and 38.
38
Calculate the greatest common divisor of 513 and 1242.
27
Calculate the highest common divisor of 131784 and 627.
57
What is the highest common divisor of 204418 and 1713?
571
Calculate the greatest common divisor of 7425 and 795.
15
What is the greatest common divisor of 244 and 914085?
61
Calculate the highest common factor of 1026 and 17982.
54
Calculate the greatest common divisor of 25 and 88960.
5
Calculate the highest common factor of 15022 and 238798.
518
What is the greatest common divisor of 17574 and 1398?
6
Calculate the highest common factor of 90117 and 9424.
589
Calculate the highest common divisor of 30715 and 65.
5
What is the greatest common divisor of 28 and 546028?
28
Calculate the highest common divisor of 1442 and 780122.
1442
What is the greatest common factor of 8808 and 30?
6
Calculate the highest common divisor of 444 and 5292.
12
Calculate the greatest common divisor of 3020 and 4.
4
What is the greatest common divisor of 645 and 795?
15
Calculate the greatest common factor of 48 and 29584.
16
Calculate the highest common divisor of 3604480 and 880.
880
What is the greatest common divisor of 234 and 8970?
78
Calculate the highest common divisor of 3856216 and 8.
8
What is the greatest common factor of 64 and 5168?
16
Calculate the highest common factor of 6080 and 2755.
95
What is the highest common factor of 135 and 19590?
15
Calculate the highest common divisor of 370 and 36250.
10
Calculate the greatest common factor of 110 and 154250.
10
Calculate the greatest common divisor of 6789 and 2139.
93
What is the highest common divisor of 944 and 366508?
236
What is the greatest common factor of 5875 and 4625?
125
Calculate the greatest common divisor of 333905 and 24310.
715
What is the highest common divisor of 179 and 689329?
179
Calculate the greatest common divisor of 75 and 78400.
25
Calculate the greatest common divisor of 52523 and 43604.
991
What is the greatest common factor of 600 and 36?
12
Calculate the highest common divisor of 288420 and 429.
33
Calculate the greatest common divisor of 52 and 64818.
26
What is the highest common divisor of 20234 and 34?
2
Calculate the greatest common factor of 95 and 201830.
5
What is the highest common factor of 131 and 97?
1
What is the highest common divisor of 1960 and 539784?
392
Calculate the greatest common factor of 32527 and 33.
11
Calculate the greatest common factor of 62540 and 6490.
590
Calculate the highest common factor of 49006 and 214.
214
Calculate the greatest common divisor of 11517 and 33.
33
What is the highest common factor of 536930 and 15?
5
What is the highest common factor of 110412 and 828?
36
Calculate the highest common divisor of 9711 and 1872.
117
Calculate the highest common factor of 1008 and 10224.
144
Calculate the highest common factor of 172336 and 48.
16
What is the greatest common divisor of 55 and 2189?
11
What is the greatest common divisor of 21 and 20724?
3
Calculate the greatest common factor of 1148 and 8077.
41
What is the highest common divisor of 12435 and 705?
15
Calculate the greatest common divisor of 104862 and 12.
6
Calculate the highest common factor of 53 and 107537.
53
Calculate the highest common factor of 252 and 19164.
12
Calculate the highest common divisor of 7518252 and 1554.
1554
Calculate the greatest common divisor of 40216 and 968.
88
What is the highest common factor of 249100 and 600?
100
Calculate the highest common factor of 1834 and 434.
14
Calculate the highest common divisor of 27183 and 1564.
17
Calculate the highest common divisor of 1480917 and 57.
57
Calculate the greatest common factor of 231263 and 8711.
281
Calculate the greatest common factor of 1592916 and 312.
156
What is the highest common divisor of 3128 and 2461?
23
What is the greatest common divisor of 1148 and 139728?
164
Calculate the highest common factor of 1557 and 32351.
173
What is the greatest common divisor of 56078 and 22?
22
Calculate the highest common divisor of 3970884 and 12.
12
What is the highest common divisor of 77352 and 264?
264
What is the greatest common divisor of 759 and 17853?
33
What is the greatest common factor of 276 and 31572?
12
What is the greatest common factor of 11883 and 52425?
699
Calculate the highest common divisor of 18 and 114417.
9
Calculate the greatest common divisor of 85 and 519809.
17
What is the greatest common factor of 5975 and 475?
25
What is the greatest common factor of 99 and 1063161?
99
What is the highest common divisor of 347 and 46845?
347
What is the highest common divisor of 25710 and 610?
10
What is the highest common factor of 39431 and 3010?
301
Calculate the highest common factor of 3289 and 77.
11
What is the greatest common divisor of 43066 and 122?
122
What is the highest common factor of 6936 and 45424?
136
What is the greatest common divisor of 50820 and 2475?
165
Calculate the greatest common factor of 1160 and 835200.
1160
Calculate the greatest common factor of 12138 and 155652.
714
Calculate the highest common divisor of 1376258 and 1118.
1118
Calculate the highest common factor of 559 and 1352.
13
Calculate the highest common factor of 8408 and 128.
8
What is the highest common factor of 169 and 436904?
13
Calculate the greatest common divisor of 206250 and 22.
22
Calculate the greatest common divisor of 68524 and 1332.
148
Calculate the greatest common divisor of 26812 and 1.
1
What is the greatest common divisor of 16 and 2735312?
16
What is the greatest common divisor of 22451 and 2561?
13
Calculate the greatest common divisor of 69 and 587535.
69
Calculate the highest common factor of 999 and 6179.
37
Calculate the highest common factor of 30 and 8185.
5
Calculate the highest common divisor of 20656 and 160.
16
What is the highest common divisor of 2 and 46118?
2
Calculate the highest common factor of 231 and 281215.
11
Calculate the highest common divisor of 3 and 2789.
1
What is the highest common divisor of 2501 and 533?
41
What is the greatest common divisor of 3997429 and 19?
19
What is the greatest common divisor of 185650 and 282?
94
What is the greatest common divisor of 241376 and 32?
32
Calculate the greatest common factor of 489 and 33339.
3
Calculate the greatest common divisor of 3 and 21457.
1
What is the highest common factor of 376 and 16?
8
Calculate the highest common factor of 40 and 64180.
20
Calculate the greatest common divisor of 27108 and 57.
3
Calculate the greatest common divisor of 22 and 9246886.
22
Calculate the highest common factor of 97771 and 2.
1
Calculate the highest common factor of 1144198 and 22.
22
Calculate the greatest common divisor of 785 and 25.
5
Calculate the greatest common factor of 2923 and 81923.
79
Calculate the greatest common diviso